he remainder when z is divided by 2.
1
Suppose 2*l = 3*j + 3 + 88, l - 33 = -j. Let n = -32 + l. What is the remainder when n is divided by 5?
1
Let a(q) be the first derivative of -q**4/2 + 8*q**3 + q**2 - 8*q - 21. Calculate the remainder when 45 is divided by a(12).
13
Suppose 3*r - 12 = 0, -3 + 49 = 3*g + 4*r. Let h = -1 + 4. What is the remainder when g is divided by h?
1
Let n = -6 + 9. Suppose -17*b + 9*b = -1416. Suppose -n*o + 6*o - b = 0. Calculate the remainder when o is divided by 20.
19
Let v = 81 - 4. Suppose -s + 16 = -k - 2, -3*s = -4*k - v. Let n = k - -40. Calculate the remainder when 66 is divided by n.
15
Suppose -3*t = -5*i + 42 + 112, 0 = -t - 3. Suppose -452 = -2*l - 2*l - 2*n, 4*l = 4*n + 440. What is the remainder when l is divided by i?
25
Let g(d) = d - 5. Let i(o) = o**3 + 8*o**2 - 2*o + 11. Calculate the remainder when i(-8) is divided by g(15).
7
Let y be 354/30 - 2/(-10). Let k be 13/5 - (-2)/5. Let s = y + k. Calculate the remainder when 58 is divided by s.
13
Suppose 3*d - 4*d - 41 = 0. What is the remainder when 17 is divided by 2/30*5 + d/(-3)?
3
Let y(a) = -a**3 - 5*a**2 - 3*a - 1. Let n be y(-5). Let b = 34 - n. Calculate the remainder when b is divided by 12.
8
Let b be (4 + 1)*1*(-33)/(-55). What is the remainder when 53 is divided by b*2/6*27?
26
Let y = 87 + -56. Let d(q) = 22*q**2 + 763*q - 123. Calculate the remainder when d(-35) is divided by y.
29
Calculate the remainder when -2 + 19*(-3)/(-1) is divided by ((-4)/14)/(-2*15/1995).
17
Suppose -30*n = -35*n + 245. What is the remainder when n is divided by 19?
11
Calculate the remainder when 36 - 1*-2*(-95)/(-38) is divided by 18.
5
Let y(b) = -2*b**3 - 22*b**2 + 18*b - 36. Calculate the remainder when 1977 is divided by y(-12).
33
Suppose 18 = -3*c + 4*c. Suppose 521*m - 525*m = -352. What is the remainder when m is divided by c?
16
What is the remainder when 129/18 - (46/(-12) + 4) is divided by 6?
1
Suppose 3*i - 38 = -g, -20*i + 16*i - 4*g = -40. Calculate the remainder when 152 is divided by i.
12
Let n = -603 + 626. Calculate the remainder when 665 is divided by n.
21
Let u = -262 - -268. Calculate the remainder when 8 is divided by u.
2
Suppose 0 = 3*d + 6*d - 513. Suppose 0 = a - 4*a + 3*t + d, -a = 3*t - 15. What is the remainder when 24 is divided by a?
6
Suppose -q = 5*g + 3*q - 76, -4*q = 4*g - 60. Suppose d = 3*d - g. Let f = d - 7. What is the remainder when 2 is divided by f?
0
Let k = -125 + 272. Calculate the remainder when k is divided by 1*(19 + -13)*1*5.
27
Suppose 351 = 131*f - 4103. What is the remainder when 1221 is divided by f?
31
Let f(u) = 4*u**2 - 2. Let q be (-16)/6 + 5/(-15). Let x be f(q). Suppose 0 = -4*l + 3*r + x, 5*l - r - 42 = 6. What is the remainder when 27 is divided by l?
7
Let l(g) = 4*g - 160. What is the remainder when 130 is divided by l(43)?
10
Let s = 430 + -184. Calculate the remainder when s is divided by 10.
6
Suppose 3*n - 65 + 425 = 0. What is the remainder when 189 is divided by n*((-24)/20)/3?
45
Calculate the remainder when 263 is divided by 76/(1 + (7 - 6)).
35
Let a = -18 + 89. Suppose 27*d - 10 = 26*d + 2*x, -x = -5*d + 32. What is the remainder when a is divided by d?
5
Suppose 0 = 2*f + 10, 4*y + 5*f - 13 = 34. What is the remainder when 305 is divided by y?
17
Suppose -3*s + 259 = 4*r, 4*r + 754 - 1016 = -2*s. Calculate the remainder when 409 is divided by r.
7
Suppose -12 = -4*c + g + 25, 5*c - 2*g = 44. Suppose -2*h - c = 2*d - 42, -d + h + 16 = 0. Calculate the remainder when 29 is divided by d.
13
Let y = -32 + 35. Suppose -32 = -y*n - 2. What is the remainder when 46 is divided by n?
6
Suppose -5*c - 16 = -6*c - 5*u, 3*c + 2*u - 22 = 0. Calculate the remainder when 207 is divided by c.
3
Let c = 127 + -104. Calculate the remainder when 224 is divided by c.
17
Let m(x) = 6*x - 5. Let c(p) = p**2 - 16*p + 3. Let g be c(16). Calculate the remainder when -5 + g + (73 - -2) is divided by m(4).
16
Let v be 4 - 0 - -165 - 0. Suppose -3*h + v + 260 = 0. Let k = h - 36. What is the remainder when k is divided by 22?
19
Suppose -5*o + 2*u = -128, -44 = -5*o - 2*u + 88. What is the remainder when o is divided by (-4)/(-18) - (-316)/36?
8
Let j(c) = -7*c - 14. Let h be j(-7). Let q(b) = -b**3 - 2*b**2 + 3*b + 4. Let d be q(-3). Let r = h - d. Calculate the remainder when r is divided by 8.
7
Suppose -3*g = -2*u - u - 18, 21 = 2*g - 5*u. Suppose g*m + 47 = 2*f, f + f - 2*m = 52. What is the remainder when f is divided by 8?
7
Let w = -16 - -128. Let a = w + -71. Calculate the remainder when a is divided by 11.
8
Let p(f) = 2*f. What is the remainder when (-3)/(-2)*(2 - -12) is divided by p(4)?
5
What is the remainder when (-496)/(-14) - (-7 - (-135)/21) is divided by 5?
1
Let f = 11 + 5. Let o be (-1)/(f/44)*4. Let n = 46 + o. Calculate the remainder when n is divided by 19.
16
Suppose 0 = -3*n - 11 - 1. Let v be (-46)/(-8) - (-3)/n. Suppose -v*q + 212 = -q. Calculate the remainder when q is divided by 14.
11
What is the remainder when 111 is divided by 27 - ((3 - (-16)/(-2)) + 4)?
27
Suppose -410*s + 409*s = -62. What is the remainder when 556 is divided by s?
60
Suppose 0*b + b - 25 = 0. Suppose 6*u = u + b. Suppose -4*c - 6 = -d - 50, -c + u*d - 8 = 0. What is the remainder when 59 is divided by c?
11
Suppose 3*r = -2*v + 2075, -8*v = -11*v + 12. What is the remainder when r is divided by 173?
170
Let k = 84 + -75. Suppose -k*n = -34 - 20. What is the remainder when 14 is divided by n?
2
Let c = -114 - -242. Calculate the remainder when c is divided by 17.
9
Calculate the remainder when 3 - -1 - (-20787)/123 is divided by 29.
28
Suppose -3 = 4*k + 1. Suppose 11 = 4*j + s, 2*j - 1 - 2 = -3*s. What is the remainder when 4 - 1*(-3 - k) is divided by j?
0
Let r = 97 + -6. Let v = 10 - 6. Suppose -35 = v*x - r. Calculate the remainder when 55 is divided by x.
13
Let m = 505 + -303. Calculate the remainder when m is divided by 29.
28
Let g(b) = b**3 - 58*b**2 + 59*b + 113. What is the remainder when g(57) is divided by 76?
75
Let g(w) = -6*w + 187. What is the remainder when 222 is divided by g(29)?
1
What is the remainder when (-64)/(-24)*1545/20 is divided by 23?
22
What is the remainder when (-2 - 1)/((-78)/2132) is divided by 35?
12
Let a(j) = 22*j. What is the remainder when (2 - -127)/(-3)*-2 is divided by a(1)?
20
Let s = 21 - 17. Let l be -2 + 16 + -4 + s. Suppose -y + l = -8. Calculate the remainder when 86 is divided by y.
20
What is the remainder when 32 is divided by (234/(-91))/((-3)/21) + -6?
8
Let c(o) = o**3 - 3*o**2 - 5*o + 6. Let t(k) = -k + 8. Let b be t(-6). Let y = -12 + b. Calculate the remainder when y is divided by c(4).
0
Suppose -2*p + 25 = 5*k, -94*p - 18 = -97*p - k. Calculate the remainder when 29 is divided by p.
4
Suppose -43 = -5*t - 3. Suppose n - 9 = -2*i, -n - i - 2*i = -t. Calculate the remainder when 42 is divided by n.
9
Suppose -4*v = 8 - 24. Let r = -735 + 740. Calculate the remainder when r is divided by v.
1
Let m = -39 + 44. Let k(t) = -t**3 + 1 + t**2 - 2*t**3 + 2*t**3 + t**2. What is the remainder when k(-2) is divided by m?
2
Suppose 5*s - 662 = -4*u - 0*u, -264 = -2*s - 2*u. Suppose 5*t - 231 = s. What is the remainder when t is divided by 19?
16
Let m = 90 - 86. Suppose -m*d - 21 = -8*d + 3*b, 0 = 5*b + 15. What is the remainder when d is divided by 1?
0
Suppose 5*c - 90 = 130. Let y(w) = -26 - 8*w**2 + 23 - w**3 + 13 - w**3 + 9*w. What is the remainder when c is divided by y(-5)?
14
Let j(a) be the second derivative of -a**3/3 - 5*a**2/2 - 10*a. Calculate the remainder when 25 is divided by j(-6).
4
Let k = 15 - 16. Calculate the remainder when 76 is divided by (-7 - k - 7)*(-2)/2.
11
Suppose 2 + 3 = -5*b. What is the remainder when 29 is divided by 9 + -5 - b/1?
4
Suppose 0 = 27*i - 3756 - 3642. What is the remainder when i is divided by ((-3)/2)/((-3)/92)?
44
Calculate the remainder when 68 is divided by (-96)/36*-6 + -2.
12
Let o(x) = 2*x**2 - 18*x - 13. Calculate the remainder when o(13) is divided by (2116/(-69))/(4/(-6)).
45
Suppose 0 = 5*z - q - 35 - 25, -19 = -4*z - 5*q. Suppose -z = -a - 0. Calculate the remainder when a is divided by -2 + 10/2 + 1.
3
Suppose -3*i - 262 = -22. Let g = 100 + i. Suppose 2*v = 4*h - 34, 3 = v + 4. Calculate the